{"id":95,"date":"2023-11-10T16:43:32","date_gmt":"2023-11-10T15:43:32","guid":{"rendered":"https:\/\/gentlemenbyjn.es\/?page_id=95"},"modified":"2023-11-12T13:10:13","modified_gmt":"2023-11-12T12:10:13","slug":"peluqueria","status":"publish","type":"page","link":"https:\/\/gentlemenbyjn.es\/","title":{"rendered":"Peluquer\u00eda Masculina Huelva"},"content":{"rendered":"","protected":false},"excerpt":{"rendered":"","protected":false},"author":1,"featured_media":238,"parent":0,"menu_order":0,"comment_status":"closed","ping_status":"closed","template":"","meta":{"om_disable_all_campaigns":false,"_monsterinsights_skip_tracking":false,"_monsterinsights_sitenote_active":false,"_monsterinsights_sitenote_note":"","_monsterinsights_sitenote_category":0,"footnotes":"","_joinchat":[]},"yoast_head":"<!-- This site is optimized with the Yoast SEO plugin v21.5 - https:\/\/yoast.com\/wordpress\/plugins\/seo\/ -->\n<title>Peluquer\u00eda Masculina Huelva \u2702\ufe0f Gentlemen by Javier Nu\u00f1ez<\/title>\n<meta name=\"description\" content=\"Descubre la excelencia en cortes de cabello y servicios de barber\u00eda en Gentlemen by Javier Nu\u00f1ez Peluquer\u00eda. \u00a1Reserva tu cita!\" \/>\n<meta name=\"robots\" content=\"index, follow, max-snippet:-1, max-image-preview:large, max-video-preview:-1\" \/>\n<link rel=\"canonical\" href=\"https:\/\/gentlemenbyjn.es\/\" \/>\n<meta property=\"og:locale\" content=\"es_ES\" \/>\n<meta property=\"og:type\" content=\"article\" \/>\n<meta property=\"og:title\" content=\"Peluquer\u00eda Masculina Huelva \u2702\ufe0f Gentlemen by Javier Nu\u00f1ez\" \/>\n<meta property=\"og:description\" content=\"Descubre la excelencia en cortes de cabello y servicios de barber\u00eda en Gentlemen by Javier Nu\u00f1ez Peluquer\u00eda. \u00a1Reserva tu cita!\" \/>\n<meta property=\"og:url\" content=\"https:\/\/gentlemenbyjn.es\/\" \/>\n<meta property=\"og:site_name\" content=\"gentlemenbyjn.es\" \/>\n<meta property=\"article:modified_time\" content=\"2023-11-12T12:10:13+00:00\" \/>\n<meta property=\"og:image\" content=\"http:\/\/gentlemenbyjn.es\/wp-content\/uploads\/2023\/11\/local-3.jpg\" \/>\n\t<meta property=\"og:image:width\" content=\"1440\" \/>\n\t<meta property=\"og:image:height\" content=\"1920\" \/>\n\t<meta property=\"og:image:type\" content=\"image\/jpeg\" \/>\n<meta name=\"twitter:card\" content=\"summary_large_image\" \/>\n<script type=\"application\/ld+json\" class=\"yoast-schema-graph\">{\"@context\":\"https:\/\/schema.org\",\"@graph\":[{\"@type\":\"WebPage\",\"@id\":\"https:\/\/gentlemenbyjn.es\/\",\"url\":\"https:\/\/gentlemenbyjn.es\/\",\"name\":\"Peluquer\u00eda Masculina Huelva \u2702\ufe0f Gentlemen by Javier Nu\u00f1ez\",\"isPartOf\":{\"@id\":\"https:\/\/gentlemenbyjn.es\/#website\"},\"datePublished\":\"2023-11-10T15:43:32+00:00\",\"dateModified\":\"2023-11-12T12:10:13+00:00\",\"description\":\"Descubre la excelencia en cortes de cabello y servicios de barber\u00eda en Gentlemen by Javier Nu\u00f1ez Peluquer\u00eda. \u00a1Reserva tu cita!\",\"breadcrumb\":{\"@id\":\"https:\/\/gentlemenbyjn.es\/#breadcrumb\"},\"inLanguage\":\"es\",\"potentialAction\":[{\"@type\":\"ReadAction\",\"target\":[\"https:\/\/gentlemenbyjn.es\/\"]}]},{\"@type\":\"BreadcrumbList\",\"@id\":\"https:\/\/gentlemenbyjn.es\/#breadcrumb\",\"itemListElement\":[{\"@type\":\"ListItem\",\"position\":1,\"name\":\"Portada\",\"item\":\"https:\/\/gentlemenbyjn.es\/\"},{\"@type\":\"ListItem\",\"position\":2,\"name\":\"Peluquer\u00eda Masculina Huelva\"}]},{\"@type\":\"WebSite\",\"@id\":\"https:\/\/gentlemenbyjn.es\/#website\",\"url\":\"https:\/\/gentlemenbyjn.es\/\",\"name\":\"gentlemenbyjn.es\",\"description\":\"Peluquer\u00eda masculina Huelva - Gentlemen By Javier Nu\u00f1ez\",\"publisher\":{\"@id\":\"https:\/\/gentlemenbyjn.es\/#organization\"},\"alternateName\":\"Gentlemen by Javier Nu\u00f1ez Peluqueria Huelva\",\"potentialAction\":[{\"@type\":\"SearchAction\",\"target\":{\"@type\":\"EntryPoint\",\"urlTemplate\":\"https:\/\/gentlemenbyjn.es\/?s={search_term_string}\"},\"query-input\":\"required name=search_term_string\"}],\"inLanguage\":\"es\"},{\"@type\":\"Organization\",\"@id\":\"https:\/\/gentlemenbyjn.es\/#organization\",\"name\":\"Gentlemen By Javier Nu\u00f1ez Peluqueria Huelva\",\"alternateName\":\"Gentlemen by Javier Nu\u00f1ez Peluqueria Huelva\",\"url\":\"https:\/\/gentlemenbyjn.es\/\",\"logo\":{\"@type\":\"ImageObject\",\"inLanguage\":\"es\",\"@id\":\"https:\/\/gentlemenbyjn.es\/#\/schema\/logo\/image\/\",\"url\":\"https:\/\/gentlemenbyjn.es\/wp-content\/uploads\/2023\/11\/peluqueria.png\",\"contentUrl\":\"https:\/\/gentlemenbyjn.es\/wp-content\/uploads\/2023\/11\/peluqueria.png\",\"width\":512,\"height\":512,\"caption\":\"Gentlemen By Javier Nu\u00f1ez Peluqueria Huelva\"},\"image\":{\"@id\":\"https:\/\/gentlemenbyjn.es\/#\/schema\/logo\/image\/\"},\"sameAs\":[\"https:\/\/www.instagram.com\/gentlemenbyjn\/\"]}]}<\/script>\n<!-- \/ Yoast SEO plugin. -->","yoast_head_json":{"title":"Peluquer\u00eda Masculina Huelva \u2702\ufe0f Gentlemen by Javier Nu\u00f1ez","description":"Descubre la excelencia en cortes de cabello y servicios de barber\u00eda en Gentlemen by Javier Nu\u00f1ez Peluquer\u00eda. \u00a1Reserva tu cita!","robots":{"index":"index","follow":"follow","max-snippet":"max-snippet:-1","max-image-preview":"max-image-preview:large","max-video-preview":"max-video-preview:-1"},"canonical":"https:\/\/gentlemenbyjn.es\/","og_locale":"es_ES","og_type":"article","og_title":"Peluquer\u00eda Masculina Huelva \u2702\ufe0f Gentlemen by Javier Nu\u00f1ez","og_description":"Descubre la excelencia en cortes de cabello y servicios de barber\u00eda en Gentlemen by Javier Nu\u00f1ez Peluquer\u00eda. \u00a1Reserva tu cita!","og_url":"https:\/\/gentlemenbyjn.es\/","og_site_name":"gentlemenbyjn.es","article_modified_time":"2023-11-12T12:10:13+00:00","og_image":[{"width":1440,"height":1920,"url":"http:\/\/gentlemenbyjn.es\/wp-content\/uploads\/2023\/11\/local-3.jpg","type":"image\/jpeg"}],"twitter_card":"summary_large_image","schema":{"@context":"https:\/\/schema.org","@graph":[{"@type":"WebPage","@id":"https:\/\/gentlemenbyjn.es\/","url":"https:\/\/gentlemenbyjn.es\/","name":"Peluquer\u00eda Masculina Huelva \u2702\ufe0f Gentlemen by Javier Nu\u00f1ez","isPartOf":{"@id":"https:\/\/gentlemenbyjn.es\/#website"},"datePublished":"2023-11-10T15:43:32+00:00","dateModified":"2023-11-12T12:10:13+00:00","description":"Descubre la excelencia en cortes de cabello y servicios de barber\u00eda en Gentlemen by Javier Nu\u00f1ez Peluquer\u00eda. \u00a1Reserva tu cita!","breadcrumb":{"@id":"https:\/\/gentlemenbyjn.es\/#breadcrumb"},"inLanguage":"es","potentialAction":[{"@type":"ReadAction","target":["https:\/\/gentlemenbyjn.es\/"]}]},{"@type":"BreadcrumbList","@id":"https:\/\/gentlemenbyjn.es\/#breadcrumb","itemListElement":[{"@type":"ListItem","position":1,"name":"Portada","item":"https:\/\/gentlemenbyjn.es\/"},{"@type":"ListItem","position":2,"name":"Peluquer\u00eda Masculina Huelva"}]},{"@type":"WebSite","@id":"https:\/\/gentlemenbyjn.es\/#website","url":"https:\/\/gentlemenbyjn.es\/","name":"gentlemenbyjn.es","description":"Peluquer\u00eda masculina Huelva - Gentlemen By Javier Nu\u00f1ez","publisher":{"@id":"https:\/\/gentlemenbyjn.es\/#organization"},"alternateName":"Gentlemen by Javier Nu\u00f1ez Peluqueria Huelva","potentialAction":[{"@type":"SearchAction","target":{"@type":"EntryPoint","urlTemplate":"https:\/\/gentlemenbyjn.es\/?s={search_term_string}"},"query-input":"required name=search_term_string"}],"inLanguage":"es"},{"@type":"Organization","@id":"https:\/\/gentlemenbyjn.es\/#organization","name":"Gentlemen By Javier Nu\u00f1ez Peluqueria Huelva","alternateName":"Gentlemen by Javier Nu\u00f1ez Peluqueria Huelva","url":"https:\/\/gentlemenbyjn.es\/","logo":{"@type":"ImageObject","inLanguage":"es","@id":"https:\/\/gentlemenbyjn.es\/#\/schema\/logo\/image\/","url":"https:\/\/gentlemenbyjn.es\/wp-content\/uploads\/2023\/11\/peluqueria.png","contentUrl":"https:\/\/gentlemenbyjn.es\/wp-content\/uploads\/2023\/11\/peluqueria.png","width":512,"height":512,"caption":"Gentlemen By Javier Nu\u00f1ez Peluqueria Huelva"},"image":{"@id":"https:\/\/gentlemenbyjn.es\/#\/schema\/logo\/image\/"},"sameAs":["https:\/\/www.instagram.com\/gentlemenbyjn\/"]}]}},"_links":{"self":[{"href":"https:\/\/gentlemenbyjn.es\/index.php?rest_route=\/wp\/v2\/pages\/95"}],"collection":[{"href":"https:\/\/gentlemenbyjn.es\/index.php?rest_route=\/wp\/v2\/pages"}],"about":[{"href":"https:\/\/gentlemenbyjn.es\/index.php?rest_route=\/wp\/v2\/types\/page"}],"author":[{"embeddable":true,"href":"https:\/\/gentlemenbyjn.es\/index.php?rest_route=\/wp\/v2\/users\/1"}],"replies":[{"embeddable":true,"href":"https:\/\/gentlemenbyjn.es\/index.php?rest_route=%2Fwp%2Fv2%2Fcomments&post=95"}],"version-history":[{"count":5,"href":"https:\/\/gentlemenbyjn.es\/index.php?rest_route=\/wp\/v2\/pages\/95\/revisions"}],"predecessor-version":[{"id":169,"href":"https:\/\/gentlemenbyjn.es\/index.php?rest_route=\/wp\/v2\/pages\/95\/revisions\/169"}],"wp:featuredmedia":[{"embeddable":true,"href":"https:\/\/gentlemenbyjn.es\/index.php?rest_route=\/wp\/v2\/media\/238"}],"wp:attachment":[{"href":"https:\/\/gentlemenbyjn.es\/index.php?rest_route=%2Fwp%2Fv2%2Fmedia&parent=95"}],"curies":[{"name":"wp","href":"https:\/\/api.w.org\/{rel}","templated":true}]}}